s 45625020241 prime?
False
Is 341075621 a prime number?
True
Is 3616106231 a composite number?
True
Is 172728599 prime?
True
Is 1911887911 a prime number?
True
Is 46454192023 prime?
True
Is 889099229 composite?
False
Is 130995748937 a prime number?
True
Is 11316754637 a composite number?
False
Is 321491491 a prime number?
False
Is 748094131 composite?
True
Is 24537035389 a prime number?
False
Is 9543635103 composite?
True
Is 282041861863 composite?
False
Is 11859549883 a prime number?
False
Is 358941743 a composite number?
False
Is 21060427669 composite?
False
Is 65654555045 prime?
False
Is 57366611267 a prime number?
False
Is 3308418413 composite?
False
Is 2476953683 prime?
False
Is 8017415531 a prime number?
False
Is 8366310497 a composite number?
False
Is 17091508366 prime?
False
Is 115967791 a prime number?
False
Is 5272223431 a composite number?
False
Is 35798017 a composite number?
False
Is 10164943967 prime?
True
Is 108770197 composite?
True
Is 36262606649 a composite number?
False
Is 1421896219 composite?
False
Is 41447992409 a composite number?
True
Is 20870691067 a prime number?
False
Is 377938381 composite?
False
Is 24154373723 a prime number?
True
Is 1289956433 composite?
False
Is 3531285481 prime?
True
Is 48082049 a composite number?
False
Is 8206885058 composite?
True
Is 3689173013 composite?
False
Is 685541891 prime?
True
Is 5229086693 a composite number?
False
Is 25007733581 prime?
True
Is 261047029 a prime number?
False
Is 1136735023 composite?
False
Is 3130438691 a prime number?
True
Is 5828825378 composite?
True
Is 504340639 a composite number?
True
Is 823688519 prime?
True
Is 2266770217 a prime number?
True
Is 2232558517 composite?
True
Is 658883611 composite?
False
Is 100162566857 prime?
False
Is 4452751819 a prime number?
True
Is 11664875459 a prime number?
False
Is 9529787845 composite?
True
Is 22498583501 composite?
False
Is 1268992201 a composite number?
False
Is 1952261707 composite?
True
Is 23109965027 a prime number?
True
Is 2782921723 a composite number?
True
Is 398076719 composite?
False
Is 39195427991 a composite number?
False
Is 20122695233 a composite number?
False
Is 26988907441 a prime number?
True
Is 18999393451 a prime number?
True
Is 9364939 a composite number?
True
Is 6801325919 a prime number?
True
Is 4344521789 prime?
False
Is 6824563687 a composite number?
False
Is 3478053149 composite?
True
Is 1261610047 prime?
True
Is 8771601077 a prime number?
True
Is 2660081003 composite?
False
Is 32705563741 a composite number?
False
Is 199862153 composite?
False
Is 91266757 a composite number?
False
Is 3837068687 a composite number?
False
Is 46082220329 a prime number?
True
Is 702170393 a prime number?
False
Is 11907072409 composite?
True
Is 11786486807 composite?
True
Is 9531782563 a prime number?
True
Is 1069222009 a prime number?
False
Is 133321253 composite?
True
Is 124145891 a prime number?
True
Is 70244597 composite?
False
Is 1405865129 a prime number?
False
Is 1037379947 a composite number?
True
Is 1985131985 a composite number?
True
Is 2405700169 a composite number?
True
Is 25172189773 prime?
False
Is 556441931 a prime number?
False
Is 78747830101 a composite number?
True
Is 118864976095 composite?
True
Is 38376427393 prime?
False
Is 90166291855 a composite number?
True
Is 28675660927 composite?
True
Is 13862366257 prime?
True
Is 152073209 prime?
False
Is 168620105 a prime number?
False
Is 29950713249 prime?
False
Is 2295862707 a composite number?
True
Is 21158666453 a prime number?
True
Is 2357895469 a prime number?
True
Is 2828647531 a composite number?
True
Is 95989876163 prime?
True
Is 637782611 composite?
False
Is 5043313403 a composite number?
False
Is 5374883929 a prime number?
True
Is 85770227402 a composite number?
True
Is 36649475257 a prime number?
True
Is 5168046391 a prime number?
True
Is 4961839297 composite?
False
Is 13036275334 composite?
True
Is 3013033351 prime?
True
Is 9721599737 prime?
True
Is 22022787587 a composite number?
False
Is 100300787 prime?
True
Is 26740223 prime?
True
Is 134384977 composite?
False
Is 208392883 a composite number?
True
Is 170170678 a prime number?
False
Is 38614553179 a prime number?
True
Is 139844421419 a composite number?
False
Is 9087347891 a composite number?
False
Is 1018387969 prime?
True
Is 7634962655 a prime number?
False
Is 205710859 composite?
False
Is 6140758027 prime?
False
Is 442983953 a composite number?
True
Is 22292231317 a prime number?
False
Is 239686541 composite?
True
Is 46646883461 a composite number?
True
Is 2228021097 prime?
False
Is 1147049801 composite?
True
Is 3117407977 prime?
True
Is 25476991723 composite?
True
Is 8576514449 composite?
True
Is 1272024503 a prime number?
True
Is 8977170593 a prime number?
True
Is 3517320193 composite?
False
Is 306928379 composite?
True
Is 604684901 a prime number?
True
Is 7558042381 a prime number?
False
Is 874055417 a composite number?
False
Is 94684287791 composite?
False
Is 38240620193 prime?
False
Is 121349863265 a composite number?
True
Is 1264375331 a prime number?
False
Is 1016385787 composite?
True
Is 1063092113 composite?
False
Is 36159718303 a composite number?
False
Is 198085148335 prime?
False
Is 25842682559 a prime number?
True
Is 32097240793 a prime number?
True
Is 20406901901 a prime number?
True
Is 854875093 composite?
True
Is 209462367 a composite number?
True
Is 76881383 prime?
True
Is 1684340459 composite?
False
Is 454074371 a composite number?
True
Is 23966071 a prime number?
True
Is 397119637 a prime number?
True
Is 487910851 prime?
True
Is 124030378 composite?
True
Is 3028064803 a prime number?
False
Is 2939348641 prime?
False
Is 30854993867 composite?
False
Is 119629209367 a composite number?
True
Is 41631898139 a composite number?
True
Is 81203755 a prime number?
False
Is 10352223787 prime?
True
Is 12833580637 a prime number?
True
Is 37093999 a prime number?
True
Is 593474477 composite?
False
Is 2185300421 a composite number?
True
Is 187721267 a composite number?
False
Is 20375793959 a prime number?
False
Is 275767967 prime?
False
Is 3498868019 a prime number?
True
Is 332012183 prime?
False
Is 18591332293 prime?
False
Is 99277837 prime?
True
Is 71656525399 a prime number?
False
Is 22378150051 a composite number?
False
Is 1971089809 composite?
True
Is 103389023 prime?
True
Is 321312331 prime?
True
Is 15736287781 composite?
True
Is 28457771957 prime?
True
Is 14904514291 a composite number?
True
Is 1228982123 prime?
True
Is 12993653 composite?
True
Is 549071387 a prime number?
False
Is 1369122677 a composite number?
True
Is 192783803 a composite number?
True
Is 123436891 composite?
True
Is 744284537 prime?
False
Is 663422611 prime?
True
Is 3103826441 a prime number?
True
Is 176456491 prime?
True
Is 2830447699 a prime number?
True
Is 6729329513 composite?
True
Is 51668058241 a composite number?
False
Is 101173094887 a prime number?
True
Is 120898440035 composite?
True
Is 4524373649 composite?
True
Is 17176196119 a prime number?
False
Is 473487935 a prime number?
False
Is 17368384703 a prime number?
False
Is 21213195857 prime?
False
Is 2937731 a prime number?
True
Is 7354173349 a composite number?
False
Is 4064757089 a prime number?
False
Is 132800536657 a prime number?
True
Is 25801939921 a composite number?
True
Is 584621341 a prime number?
False
Is 4067956961 prime?
True
Is 63969478889 composite?
False
Is 50003240533 composite?
False
Is 1438985287 prime?
True
Is 537196813 prime?
False
Is 14224020301 a composite number?
True
Is 456055471 composite?
False
Is 10079222379 a composite number?
True
Is 10082313509 composite?
False
Is 2986314307 prime?
False
Is 917460127 prime?
False
Is 47926652027 composite?
False
Is 955591891 a prime number?
True
Is 549642901 a composite number?
True
Is 300932844559 a composite number?
False
Is 420991251 a composite number?
True
Is 4118237729 a composite number?
True
Is 847557089 a prime number?
True
Is 47099184361 a composite number?
False
Is 15912724433 prime?
True
Is 1687477313 prime?
True
Is 297491353 a prime number?
True
Is 16508576543 a composite number?
False
Is 2776550849 composite?
True
Is 1667371829 prime?
True
Is 70392258239 composite?
False
Is 2602670827 a composite number?
False
Is 2805429421 prime?
True
Is 100721911 prime?
False
Is